{"id":113,"date":"2015-05-26T20:22:11","date_gmt":"2015-05-26T20:22:11","guid":{"rendered":"http:\/\/www.handchirurgiebasel.ch\/?page_id=113"},"modified":"2015-09-27T16:30:59","modified_gmt":"2015-09-27T14:30:59","slug":"cv","status":"publish","type":"page","link":"http:\/\/www.handchirurgiebasel.ch\/?page_id=113","title":{"rendered":"Dr. med. Claudia Steinmann"},"content":{"rendered":"<p><strong>Ausbildung<\/strong><\/p>\n<p><strong>Matura Typus C<\/strong> 1997, Gymnasium Laufental-Thierstein<\/p>\n<p><strong>Staatsexamen Humanmedizin<\/strong> 2003, Universit\u00e4t Basel<\/p>\n<p><strong>Doktorarbeit:<\/strong> \u201eMorbidit\u00e4t nach Splenektomie bei h\u00e4matologischen Indikationen in Abh\u00e4ngigkeit der Grunderkrankung\u201c Leitung: Prof. Dr. med. Thomas Kocher<\/p>\n<p><strong>Weiterbildung Facharzt FMH allgemeine Chirurgie<\/strong><br \/>\nKantonsspital Baden, Chirurgie\u2028<br \/>\nUniversit\u00e4tsspital Basel, An\u00e4sthesie<br \/>\nKantonsspital Baden, Orthop\u00e4die<br \/>\n\u2028Kantonsspital M\u00fcnsterlingen, Chirurgie<\/p>\n<p><strong>Weiterbildung Facharzt FMH Handchirurgie<\/strong><br \/>\nKantonsspital M\u00fcnsterlingen<br \/>\nKantonsspital Liestal<br \/>\nUniversit\u00e4tsspital Basel<\/p>\n<p><strong>Publikation:<\/strong> \u201eBewegungserhaltende Gelenkrekonstruktion mit medialem Femurkondylus und RSL-Fusion nach Osteomyelitis infolge offener distaler Radiusfraktur\u201c<br \/>\n<a href=\"http:\/\/www.egms.de\/static\/en\/journals\/gpras\/2015-5\/gpras000031.shtml\">http:\/\/www.egms.de\/static\/en\/journals\/gpras\/2015-5\/gpras000031.shtml<\/a><\/p>\n","protected":false},"excerpt":{"rendered":"<p>Ausbildung Matura Typus C 1997, Gymnasium Laufental-Thierstein Staatsexamen Humanmedizin 2003,&#8230; <\/p>\n","protected":false},"author":1,"featured_media":0,"parent":0,"menu_order":0,"comment_status":"closed","ping_status":"closed","template":"template-full-width.php","meta":[],"_links":{"self":[{"href":"http:\/\/www.handchirurgiebasel.ch\/index.php?rest_route=\/wp\/v2\/pages\/113"}],"collection":[{"href":"http:\/\/www.handchirurgiebasel.ch\/index.php?rest_route=\/wp\/v2\/pages"}],"about":[{"href":"http:\/\/www.handchirurgiebasel.ch\/index.php?rest_route=\/wp\/v2\/types\/page"}],"author":[{"embeddable":true,"href":"http:\/\/www.handchirurgiebasel.ch\/index.php?rest_route=\/wp\/v2\/users\/1"}],"replies":[{"embeddable":true,"href":"http:\/\/www.handchirurgiebasel.ch\/index.php?rest_route=%2Fwp%2Fv2%2Fcomments&post=113"}],"version-history":[{"count":8,"href":"http:\/\/www.handchirurgiebasel.ch\/index.php?rest_route=\/wp\/v2\/pages\/113\/revisions"}],"predecessor-version":[{"id":187,"href":"http:\/\/www.handchirurgiebasel.ch\/index.php?rest_route=\/wp\/v2\/pages\/113\/revisions\/187"}],"wp:attachment":[{"href":"http:\/\/www.handchirurgiebasel.ch\/index.php?rest_route=%2Fwp%2Fv2%2Fmedia&parent=113"}],"curies":[{"name":"wp","href":"https:\/\/api.w.org\/{rel}","templated":true}]}}

<p><strong>Ausbildung</strong></p>
<p><strong>Matura Typus C</strong> 1997, Gymnasium Laufental-Thierstein</p>
<p><strong>Staatsexamen Humanmedizin</strong> 2003, Universität Basel</p>
<p><strong>Doktorarbeit:</strong> „Morbidität nach Splenektomie bei hämatologischen Indikationen in Abhängigkeit der Grunderkrankung“ Leitung: Prof. Dr. med. Thomas Kocher</p>
<p><strong>Weiterbildung Facharzt FMH allgemeine Chirurgie</strong><br />
Kantonsspital Baden, Chirurgie <br />
Universitätsspital Basel, Anästhesie<br />
Kantonsspital Baden, Orthopädie<br />
 Kantonsspital Münsterlingen, Chirurgie</p>
<p><strong>Weiterbildung Facharzt FMH Handchirurgie</strong><br />
Kantonsspital Münsterlingen<br />
Kantonsspital Liestal<br />
Universitätsspital Basel</p>
<p><strong>Publikation:</strong> „Bewegungserhaltende Gelenkrekonstruktion mit medialem Femurkondylus und RSL-Fusion nach Osteomyelitis infolge offener distaler Radiusfraktur“<br />
<a href="http://www.egms.de/static/en/journals/gpras/2015-5/gpras000031.shtml">http://www.egms.de/static/en/journals/gpras/2015-5/gpras000031.shtml</a></p>
